8899 a prime number?
False
Is 298277 a prime number?
False
Is 1599407 a composite number?
False
Is 1186 a prime number?
False
Is 3305749 prime?
True
Is 1757699 prime?
True
Is 38863 a composite number?
True
Is 4562 a prime number?
False
Is 122345 a prime number?
False
Is 4441 prime?
True
Is 6521 a prime number?
True
Is 91731 prime?
False
Is 166799 a composite number?
False
Is 3149 a composite number?
True
Is 238963 prime?
False
Is 407249 composite?
False
Is 15349 prime?
True
Is 3457 composite?
False
Is 28387 a composite number?
False
Is 1557457 a composite number?
True
Is 86401 composite?
True
Is 33503 a composite number?
False
Is 52259 composite?
False
Is 439751 composite?
True
Is 87303 a composite number?
True
Is 16799 a prime number?
False
Is 18517 composite?
False
Is 1025935 a composite number?
True
Is 229715 prime?
False
Is 118497 prime?
False
Is 161317 prime?
False
Is 25 prime?
False
Is 51217 prime?
True
Is 690997 prime?
True
Is 6023 prime?
False
Is 537497 a composite number?
False
Is 34739 prime?
True
Is 3031 a prime number?
False
Is 485993 a prime number?
True
Is 127 a prime number?
True
Is 75093 a composite number?
True
Is 717047 prime?
True
Is 51257 composite?
False
Is 552971 a composite number?
False
Is 14693 composite?
True
Is 1896013 a composite number?
True
Is 37607 prime?
True
Is 306121 a prime number?
True
Is 2443 a composite number?
True
Is 9173 a composite number?
False
Is 878 a prime number?
False
Is 69851 a composite number?
True
Is 259951 a composite number?
True
Is 13997 a prime number?
True
Is 13259 a prime number?
True
Is 224801 prime?
False
Is 42899 prime?
True
Is 49871 composite?
False
Is 32863 prime?
False
Is 33911 prime?
True
Is 1056382 a prime number?
False
Is 8135 a composite number?
True
Is 272807 a composite number?
False
Is 3057 prime?
False
Is 31631 a composite number?
True
Is 853 a prime number?
True
Is 635 a composite number?
True
Is 17035 prime?
False
Is 28345 prime?
False
Is 18883 prime?
False
Is 44615 composite?
True
Is 127997 prime?
True
Is 2227 composite?
True
Is 125903 a composite number?
True
Is 80918 a prime number?
False
Is 13961 prime?
False
Is 10747 a prime number?
False
Is 9655 composite?
True
Is 2051 prime?
False
Is 158602 composite?
True
Is 2617 prime?
True
Is 63913 a prime number?
True
Is 1286323 a prime number?
True
Is 53779 prime?
False
Is 284041 a composite number?
False
Is 7321 a composite number?
False
Is 2371 prime?
True
Is 502303 a prime number?
False
Is 3293 composite?
True
Is 340705 a prime number?
False
Is 2523019 prime?
False
Is 524245 a prime number?
False
Is 583753 composite?
False
Is 10727 a prime number?
False
Is 2956537 prime?
False
Is 10897 a prime number?
False
Is 9871 a composite number?
False
Is 6599 prime?
True
Is 2561 prime?
False
Is 42509 a prime number?
True
Is 2963 a prime number?
True
Is 952953 prime?
False
Is 561173 a composite number?
False
Is 34787 a composite number?
True
Is 719 a prime number?
True
Is 222949 composite?
True
Is 69691 composite?
False
Is 192733 composite?
True
Is 60869 composite?
False
Is 180233 prime?
True
Is 368539 a composite number?
False
Is 1286347 a composite number?
True
Is 790261 a composite number?
False
Is 4699 a composite number?
True
Is 400087 composite?
False
Is 2119 a composite number?
True
Is 4201 a composite number?
False
Is 880067 prime?
True
Is 38113 prime?
True
Is 1809059 prime?
False
Is 470897 a composite number?
True
Is 8579 prime?
False
Is 70661 prime?
False
Is 9897 composite?
True
Is 32909 a prime number?
True
Is 120643 prime?
False
Is 323951 a prime number?
True
Is 1055 composite?
True
Is 989 prime?
False
Is 1637 prime?
True
Is 58013 prime?
True
Is 193561 a composite number?
True
Is 256145 a prime number?
False
Is 54781 a prime number?
False
Is 107831 a prime number?
False
Is 32087 a prime number?
False
Is 779917 a prime number?
False
Is 20231 a composite number?
False
Is 89969 a prime number?
False
Is 446647 a composite number?
False
Is 3109 prime?
True
Is 3749 a prime number?
False
Is 3989 composite?
False
Is 191827 a prime number?
True
Is 519 composite?
True
Is 530421 a composite number?
True
Is 165511 composite?
False
Is 62431 composite?
True
Is 2920537 a prime number?
False
Is 12143 composite?
False
Is 156661 prime?
False
Is 23601 a composite number?
True
Is 529 composite?
True
Is 34871 composite?
False
Is 422 a prime number?
False
Is 190273 a composite number?
True
Is 1733162 prime?
False
Is 44483 prime?
True
Is 104459 composite?
False
Is 1259 a prime number?
True
Is 13751 a composite number?
False
Is 28963 a composite number?
True
Is 262069 a prime number?
True
Is 687 a prime number?
False
Is 8663 composite?
False
Is 50671 a composite number?
False
Is 10111 a composite number?
False
Is 89363 composite?
False
Is 5245 composite?
True
Is 17707 a prime number?
True
Is 437809 prime?
True
Is 169963 prime?
False
Is 487363 prime?
True
Is 1536713 a prime number?
False
Is 1644397 a prime number?
False
Is 115399 a composite number?
False
Is 6373 composite?
False
Is 142087 a prime number?
False
Is 72613 a prime number?
True
Is 82961 a prime number?
False
Is 310595 prime?
False
Is 11579 a composite number?
False
Is 1048777 prime?
False
Is 129953 prime?
True
Is 57235 a prime number?
False
Is 1219 a prime number?
False
Is 36469 composite?
False
Is 287491 a prime number?
True
Is 1269491 prime?
False
Is 14189 a composite number?
True
Is 351398 composite?
True
Is 1383653 a prime number?
True
Is 252709 a composite number?
False
Is 592531 composite?
False
Is 47738 composite?
True
Is 153107 prime?
True
Is 40997 a prime number?
False
Is 1375303 prime?
True
Is 4588457 composite?
False
Is 1411 a composite number?
True
Is 10183 a composite number?
True
Is 4889 composite?
False
Is 979 prime?
False
Is 27871 prime?
False
Is 3791 a composite number?
True
Is 1604571 a composite number?
True
Is 338623 composite?
True
Is 54869 a prime number?
True
Is 35 a composite number?
True
Is 28739 a prime number?
False
Is 1979 prime?
True
Is 1337569 a composite number?
True
Is 715727 composite?
False
Is 7593 prime?
False
Is 631 a composite number?
False
Is 22301 prime?
False
Is 84739 prime?
False
Is 214499 a composite number?
False
Is 99113 a prime number?
False
Is 5879 composite?
False
Is 15991 a prime number?
True
Is 8351 composite?
True
Is 163397 composite?
True
Is 10409 a composite number?
True
Is 551363 a prime number?
True
Is 375353 composite?
True
Is 13763 a prime number?
True
Is 660787 composite?
False
Is 23159 a prime number?
True
Is 2734 composite?
True
Is 2671 composite?
False
Is 7807 a composite number?
True
Is 822517 a composite number?
False
Is 214663 prime?
True
Is 611483 composite?
False
Is 46049 prime?
True
Is 809 a composite number?
False
Is 93703 prime?
True
Is 112877 a prime number?
True
Is 445931 a prime number?
True
Is 3977471 composite?
False
Is 2329753 prime?
False
Is 913 prime?
False
Is 32638 prime?
False
Is 847051 a composite number?
False
Is 1868743 prime?
False
Is 87379 prime?
False
Is 245711 composite?
False
Is 341413 composite?
True
Is 518997 a composite number?
True
Is 1318 a prime number?
False
Is 4073 prime?
True
Is 82762 composite?
True
Is 2029337 a prime number?
False
Is 12227 prime?
True
Is 4069873 composite?
True
Is 5557 a prime number?
True
Is 1985 a prime number?
False
Is 319229 a composite number?
True
Is 140242 a prime number?
False
Is 54523 prime?
False
Is 4201 prime?
True
Is 9029 a composite number?
False
Is 5631 a prime number?
False
Is 27035 composite?
True
Is 130547 prime?
True
Is 703429 a composite number?
True
Is 73102 a prime number?
False
Is 907 a prime number?
True
Is 7817 prime?
True
Is 1213 a composite number?
False
Is 141649 a composite number?
False
Is 439003 composite?
True
Is 1393 composite?
True
Is 1193138 a prime number?
False
Is 1151 composite?
False
Is 167513 prime?
False
Is 28803 a composite number?
True
Is 301991 a prime number?
True
Is 24331 a prime number?
False
Is 1361 a prime number?
True
Is 48007 composite?
True
Is 13093 a prime number?
True
Is 414857 prime?
True
Is 83159 a composite number?
True
Is 30083 prime?
False
Is 29851 a prime number?
True
Is 545431 a composite number?
True
Is 2503 prime?
True
Is 1245677 prime?
False
Is 86061 a prime number?
False
Is 430241 a composite number?
True